{"id":158,"date":"2018-12-06T12:49:02","date_gmt":"2018-12-06T14:49:02","guid":{"rendered":"http:\/\/grupogestcon.com.br\/index.php\/about\/"},"modified":"2021-02-08T17:06:26","modified_gmt":"2021-02-08T20:06:26","slug":"noticias","status":"publish","type":"page","link":"https:\/\/grupogestcon.com.br\/index.php\/noticias\/","title":{"rendered":"Not\u00edcias"},"content":{"rendered":"\t\t<div data-elementor-type=\"wp-post\" data-elementor-id=\"158\" class=\"elementor elementor-158\">\n\t\t\t\t\t\t<section class=\"elementor-section elementor-top-section elementor-element elementor-element-9690a79 elementor-section-boxed elementor-section-height-default elementor-section-height-default\" data-id=\"9690a79\" data-element_type=\"section\" data-settings=\"{&quot;background_background&quot;:&quot;gradient&quot;}\">\n\t\t\t\t\t\t<div class=\"elementor-container elementor-column-gap-default\">\n\t\t\t\t\t<div class=\"elementor-column elementor-col-100 elementor-top-column elementor-element elementor-element-69d31e9\" data-id=\"69d31e9\" data-element_type=\"column\">\n\t\t\t<div class=\"elementor-widget-wrap elementor-element-populated\">\n\t\t\t\t\t\t<div class=\"elementor-element elementor-element-b3f3576 elementor-widget elementor-widget-image-box\" data-id=\"b3f3576\" data-element_type=\"widget\" data-widget_type=\"image-box.default\">\n\t\t\t\t<div class=\"elementor-widget-container\">\n\t\t\t\t\t<div class=\"elementor-image-box-wrapper\"><div class=\"elementor-image-box-content\"><h1 class=\"elementor-image-box-title\">\u00daLTIMAS NOT\u00cdCIAS<\/h1><\/div><\/div>\t\t\t\t<\/div>\n\t\t\t\t<\/div>\n\t\t\t\t\t<\/div>\n\t\t<\/div>\n\t\t\t\t\t<\/div>\n\t\t<\/section>\n\t\t\t\t<section class=\"elementor-section elementor-top-section elementor-element elementor-element-724a8d0 elementor-section-boxed elementor-section-height-default elementor-section-height-default\" data-id=\"724a8d0\" data-element_type=\"section\" data-settings=\"{&quot;background_background&quot;:&quot;classic&quot;}\">\n\t\t\t\t\t\t<div class=\"elementor-container elementor-column-gap-default\">\n\t\t\t\t\t<div class=\"elementor-column elementor-col-100 elementor-top-column elementor-element elementor-element-128107d\" data-id=\"128107d\" data-element_type=\"column\">\n\t\t\t<div class=\"elementor-widget-wrap elementor-element-populated\">\n\t\t\t\t\t\t<div class=\"elementor-element elementor-element-00cadfc elementor-widget elementor-widget-image-box\" data-id=\"00cadfc\" data-element_type=\"widget\" data-widget_type=\"image-box.default\">\n\t\t\t\t<div class=\"elementor-widget-container\">\n\t\t\t\t\t<div class=\"elementor-image-box-wrapper\"><div class=\"elementor-image-box-content\"><h2 class=\"elementor-image-box-title\">Not\u00edcias Importantes<\/h2><\/div><\/div>\t\t\t\t<\/div>\n\t\t\t\t<\/div>\n\t\t\t\t\t<\/div>\n\t\t<\/div>\n\t\t\t\t\t<\/div>\n\t\t<\/section>\n\t\t\t\t<section class=\"elementor-section elementor-top-section elementor-element elementor-element-338ef95 elementor-section-boxed elementor-section-height-default elementor-section-height-default\" data-id=\"338ef95\" data-element_type=\"section\">\n\t\t\t\t\t\t<div class=\"elementor-container elementor-column-gap-default\">\n\t\t\t\t\t<div class=\"elementor-column elementor-col-33 elementor-top-column elementor-element elementor-element-f734525\" data-id=\"f734525\" data-element_type=\"column\">\n\t\t\t<div class=\"elementor-widget-wrap elementor-element-populated\">\n\t\t\t\t\t\t<div class=\"elementor-element elementor-element-09763c5 elementor-widget elementor-widget-image\" data-id=\"09763c5\" data-element_type=\"widget\" data-widget_type=\"image.default\">\n\t\t\t\t<div class=\"elementor-widget-container\">\n\t\t\t\t\t\t\t\t\t\t\t\t\t\t\t<img fetchpriority=\"high\" decoding=\"async\" width=\"960\" height=\"960\" src=\"https:\/\/grupogestcon.com.br\/wp-content\/uploads\/2020\/11\/Demanda-5-1.jpg\" class=\"attachment-large size-large wp-image-25932\" alt=\"\" srcset=\"https:\/\/grupogestcon.com.br\/wp-content\/uploads\/2020\/11\/Demanda-5-1.jpg 960w, https:\/\/grupogestcon.com.br\/wp-content\/uploads\/2020\/11\/Demanda-5-1-300x300.jpg 300w, https:\/\/grupogestcon.com.br\/wp-content\/uploads\/2020\/11\/Demanda-5-1-150x150.jpg 150w, https:\/\/grupogestcon.com.br\/wp-content\/uploads\/2020\/11\/Demanda-5-1-768x768.jpg 768w, https:\/\/grupogestcon.com.br\/wp-content\/uploads\/2020\/11\/Demanda-5-1-600x600.jpg 600w, https:\/\/grupogestcon.com.br\/wp-content\/uploads\/2020\/11\/Demanda-5-1-100x100.jpg 100w\" sizes=\"(max-width: 960px) 100vw, 960px\" \/>\t\t\t\t\t\t\t\t\t\t\t\t\t\t\t<\/div>\n\t\t\t\t<\/div>\n\t\t\t\t<div class=\"elementor-element elementor-element-d21829f elementor-widget elementor-widget-heading\" data-id=\"d21829f\" data-element_type=\"widget\" data-widget_type=\"heading.default\">\n\t\t\t\t<div class=\"elementor-widget-container\">\n\t\t\t\t\t<h6 class=\"elementor-heading-title elementor-size-default\"><a href=\"https:\/\/www.contabeis.com.br\/noticias\/45084\/auxilio-emergencial-termina-hoje-prazo-para-contestar-parcelas-de-r-300-negadas\/\">Aux\u00edlio Emergencial: termina hoje prazo para contestar parcelas de R$ 300 negadas.<\/a><\/h6>\t\t\t\t<\/div>\n\t\t\t\t<\/div>\n\t\t\t\t\t<\/div>\n\t\t<\/div>\n\t\t\t\t<div class=\"elementor-column elementor-col-33 elementor-top-column elementor-element elementor-element-efdefc5\" data-id=\"efdefc5\" data-element_type=\"column\">\n\t\t\t<div class=\"elementor-widget-wrap elementor-element-populated\">\n\t\t\t\t\t\t<div class=\"elementor-element elementor-element-b0a66f3 elementor-widget elementor-widget-image\" data-id=\"b0a66f3\" data-element_type=\"widget\" data-widget_type=\"image.default\">\n\t\t\t\t<div class=\"elementor-widget-container\">\n\t\t\t\t\t\t\t\t\t\t\t\t\t\t\t<img decoding=\"async\" width=\"960\" height=\"960\" src=\"https:\/\/grupogestcon.com.br\/wp-content\/uploads\/2020\/11\/DEMANDA-DIA-0611.jpg\" class=\"attachment-large size-large wp-image-25924\" alt=\"\" srcset=\"https:\/\/grupogestcon.com.br\/wp-content\/uploads\/2020\/11\/DEMANDA-DIA-0611.jpg 960w, https:\/\/grupogestcon.com.br\/wp-content\/uploads\/2020\/11\/DEMANDA-DIA-0611-300x300.jpg 300w, https:\/\/grupogestcon.com.br\/wp-content\/uploads\/2020\/11\/DEMANDA-DIA-0611-150x150.jpg 150w, https:\/\/grupogestcon.com.br\/wp-content\/uploads\/2020\/11\/DEMANDA-DIA-0611-768x768.jpg 768w, https:\/\/grupogestcon.com.br\/wp-content\/uploads\/2020\/11\/DEMANDA-DIA-0611-600x600.jpg 600w, https:\/\/grupogestcon.com.br\/wp-content\/uploads\/2020\/11\/DEMANDA-DIA-0611-100x100.jpg 100w\" sizes=\"(max-width: 960px) 100vw, 960px\" \/>\t\t\t\t\t\t\t\t\t\t\t\t\t\t\t<\/div>\n\t\t\t\t<\/div>\n\t\t\t\t<div class=\"elementor-element elementor-element-463f6bf elementor-widget elementor-widget-heading\" data-id=\"463f6bf\" data-element_type=\"widget\" data-widget_type=\"heading.default\">\n\t\t\t\t<div class=\"elementor-widget-container\">\n\t\t\t\t\t<h6 class=\"elementor-heading-title elementor-size-default\"><a href=\"https:\/\/www.contabeis.com.br\/noticias\/45067\/projeto-quer-incluir-mei-entre-beneficiarios-da-tarifa-social-de-energia\/\">Projeto quer incluir MEI entre benefici\u00e1rios da tarifa social de energia.<\/a><\/h6>\t\t\t\t<\/div>\n\t\t\t\t<\/div>\n\t\t\t\t\t<\/div>\n\t\t<\/div>\n\t\t\t\t<div class=\"elementor-column elementor-col-33 elementor-top-column elementor-element elementor-element-aa11a58\" data-id=\"aa11a58\" data-element_type=\"column\">\n\t\t\t<div class=\"elementor-widget-wrap elementor-element-populated\">\n\t\t\t\t\t\t<div class=\"elementor-element elementor-element-ce46851 elementor-widget elementor-widget-image\" data-id=\"ce46851\" data-element_type=\"widget\" data-widget_type=\"image.default\">\n\t\t\t\t<div class=\"elementor-widget-container\">\n\t\t\t\t\t\t\t\t\t\t\t\t\t\t\t<img decoding=\"async\" width=\"960\" height=\"960\" src=\"https:\/\/grupogestcon.com.br\/wp-content\/uploads\/2020\/09\/FOTO-POSTAS.png\" class=\"attachment-large size-large wp-image-25879\" alt=\"\" srcset=\"https:\/\/grupogestcon.com.br\/wp-content\/uploads\/2020\/09\/FOTO-POSTAS.png 960w, https:\/\/grupogestcon.com.br\/wp-content\/uploads\/2020\/09\/FOTO-POSTAS-300x300.png 300w, https:\/\/grupogestcon.com.br\/wp-content\/uploads\/2020\/09\/FOTO-POSTAS-150x150.png 150w, https:\/\/grupogestcon.com.br\/wp-content\/uploads\/2020\/09\/FOTO-POSTAS-768x768.png 768w, https:\/\/grupogestcon.com.br\/wp-content\/uploads\/2020\/09\/FOTO-POSTAS-600x600.png 600w, https:\/\/grupogestcon.com.br\/wp-content\/uploads\/2020\/09\/FOTO-POSTAS-100x100.png 100w\" sizes=\"(max-width: 960px) 100vw, 960px\" \/>\t\t\t\t\t\t\t\t\t\t\t\t\t\t\t<\/div>\n\t\t\t\t<\/div>\n\t\t\t\t<div class=\"elementor-element elementor-element-8c6a6ef elementor-widget elementor-widget-heading\" data-id=\"8c6a6ef\" data-element_type=\"widget\" data-widget_type=\"heading.default\">\n\t\t\t\t<div class=\"elementor-widget-container\">\n\t\t\t\t\t<h6 class=\"elementor-heading-title elementor-size-default\"><a href=\"https:\/\/g1.globo.com\/economia\/noticia\/2020\/09\/18\/pagamento-instantaneo-por-pix-podera-levar-ate-uma-hora-se-houver-suspeita-de-fraude-diz-bc.ghtml\">Pagamento por Pix poder\u00e1 levar at\u00e9 uma hora se houver suspeita de fraude, diz BC.<\/a><\/h6>\t\t\t\t<\/div>\n\t\t\t\t<\/div>\n\t\t\t\t\t<\/div>\n\t\t<\/div>\n\t\t\t\t\t<\/div>\n\t\t<\/section>\n\t\t\t\t<section class=\"elementor-section elementor-top-section elementor-element elementor-element-6300bf2 elementor-section-boxed elementor-section-height-default elementor-section-height-default\" data-id=\"6300bf2\" data-element_type=\"section\">\n\t\t\t\t\t\t<div class=\"elementor-container elementor-column-gap-default\">\n\t\t\t\t\t<div class=\"elementor-column elementor-col-33 elementor-top-column elementor-element elementor-element-9c2a044\" data-id=\"9c2a044\" data-element_type=\"column\">\n\t\t\t<div class=\"elementor-widget-wrap elementor-element-populated\">\n\t\t\t\t\t\t<div class=\"elementor-element elementor-element-116ea7d elementor-widget elementor-widget-image\" data-id=\"116ea7d\" data-element_type=\"widget\" data-widget_type=\"image.default\">\n\t\t\t\t<div class=\"elementor-widget-container\">\n\t\t\t\t\t\t\t\t\t\t\t\t\t\t\t<img loading=\"lazy\" decoding=\"async\" width=\"870\" height=\"450\" src=\"https:\/\/grupogestcon.com.br\/wp-content\/uploads\/2021\/02\/08022021-1.png\" class=\"attachment-large size-large wp-image-25950\" alt=\"\" srcset=\"https:\/\/grupogestcon.com.br\/wp-content\/uploads\/2021\/02\/08022021-1.png 870w, https:\/\/grupogestcon.com.br\/wp-content\/uploads\/2021\/02\/08022021-1-300x155.png 300w, https:\/\/grupogestcon.com.br\/wp-content\/uploads\/2021\/02\/08022021-1-768x397.png 768w, https:\/\/grupogestcon.com.br\/wp-content\/uploads\/2021\/02\/08022021-1-600x310.png 600w\" sizes=\"(max-width: 870px) 100vw, 870px\" \/>\t\t\t\t\t\t\t\t\t\t\t\t\t\t\t<\/div>\n\t\t\t\t<\/div>\n\t\t\t\t<div class=\"elementor-element elementor-element-cad9988 elementor-widget elementor-widget-heading\" data-id=\"cad9988\" data-element_type=\"widget\" data-widget_type=\"heading.default\">\n\t\t\t\t<div class=\"elementor-widget-container\">\n\t\t\t\t\t<h6 class=\"elementor-heading-title elementor-size-default\"><a href=\"https:\/\/www.contabeis.com.br\/noticias\/45962\/dirf-2021-regras-prazos-e-penalidades\/\">DIRF 2021: regras, prazos e penalidades.<\/a><\/h6>\t\t\t\t<\/div>\n\t\t\t\t<\/div>\n\t\t\t\t\t<\/div>\n\t\t<\/div>\n\t\t\t\t<div class=\"elementor-column elementor-col-33 elementor-top-column elementor-element elementor-element-043451b\" data-id=\"043451b\" data-element_type=\"column\">\n\t\t\t<div class=\"elementor-widget-wrap elementor-element-populated\">\n\t\t\t\t\t\t\t<\/div>\n\t\t<\/div>\n\t\t\t\t<div class=\"elementor-column elementor-col-33 elementor-top-column elementor-element elementor-element-a8af92b\" data-id=\"a8af92b\" data-element_type=\"column\">\n\t\t\t<div class=\"elementor-widget-wrap elementor-element-populated\">\n\t\t\t\t\t\t\t<\/div>\n\t\t<\/div>\n\t\t\t\t\t<\/div>\n\t\t<\/section>\n\t\t\t\t<section class=\"elementor-section elementor-top-section elementor-element elementor-element-5149afc elementor-section-boxed elementor-section-height-default elementor-section-height-default\" data-id=\"5149afc\" data-element_type=\"section\">\n\t\t\t\t\t\t<div class=\"elementor-container elementor-column-gap-default\">\n\t\t\t\t\t<div class=\"elementor-column elementor-col-100 elementor-top-column elementor-element elementor-element-3ddcff2\" data-id=\"3ddcff2\" data-element_type=\"column\">\n\t\t\t<div class=\"elementor-widget-wrap\">\n\t\t\t\t\t\t\t<\/div>\n\t\t<\/div>\n\t\t\t\t\t<\/div>\n\t\t<\/section>\n\t\t\t\t<\/div>\n\t\t","protected":false},"excerpt":{"rendered":"<p>\u00daLTIMAS NOT\u00cdCIAS Not\u00edcias Importantes Aux\u00edlio Emergencial: termina hoje prazo para contestar parcelas de R$ 300 negadas. Projeto quer incluir MEI entre benefici\u00e1rios da tarifa social de energia. Pagamento por Pix poder\u00e1 levar at\u00e9 uma hora se houver suspeita de fraude, diz BC. DIRF 2021: regras, prazos e penalidades.<\/p>\n","protected":false},"author":1,"featured_media":0,"parent":0,"menu_order":0,"comment_status":"closed","ping_status":"closed","template":"","meta":{"_uag_custom_page_level_css":"","site-sidebar-layout":"no-sidebar","site-content-layout":"page-builder","ast-site-content-layout":"default","site-content-style":"default","site-sidebar-style":"default","ast-global-header-display":"","ast-banner-title-visibility":"","ast-main-header-display":"","ast-hfb-above-header-display":"","ast-hfb-below-header-display":"","ast-hfb-mobile-header-display":"","site-post-title":"disabled","ast-breadcrumbs-content":"","ast-featured-img":"disabled","footer-sml-layout":"","theme-transparent-header-meta":"enabled","adv-header-id-meta":null,"stick-header-meta":null,"header-above-stick-meta":null,"header-main-stick-meta":null,"header-below-stick-meta":null,"astra-migrate-meta-layouts":"default","ast-page-background-enabled":"default","ast-page-background-meta":{"desktop":{"background-color":"var(--ast-global-color-4)","background-image":"","background-repeat":"repeat","background-position":"center center","background-size":"auto","background-attachment":"scroll","background-type":"","background-media":"","overlay-type":"","overlay-color":"","overlay-opacity":"","overlay-gradient":""},"tablet":{"background-color":"","background-image":"","background-repeat":"repeat","background-position":"center center","background-size":"auto","background-attachment":"scroll","background-type":"","background-media":"","overlay-type":"","overlay-color":"","overlay-opacity":"","overlay-gradient":""},"mobile":{"background-color":"","background-image":"","background-repeat":"repeat","background-position":"center center","background-size":"auto","background-attachment":"scroll","background-type":"","background-media":"","overlay-type":"","overlay-color":"","overlay-opacity":"","overlay-gradient":""}},"ast-content-background-meta":{"desktop":{"background-color":"var(--ast-global-color-5)","background-image":"","background-repeat":"repeat","background-position":"center center","background-size":"auto","background-attachment":"scroll","background-type":"","background-media":"","overlay-type":"","overlay-color":"","overlay-opacity":"","overlay-gradient":""},"tablet":{"background-color":"var(--ast-global-color-5)","background-image":"","background-repeat":"repeat","background-position":"center center","background-size":"auto","background-attachment":"scroll","background-type":"","background-media":"","overlay-type":"","overlay-color":"","overlay-opacity":"","overlay-gradient":""},"mobile":{"background-color":"var(--ast-global-color-5)","background-image":"","background-repeat":"repeat","background-position":"center center","background-size":"auto","background-attachment":"scroll","background-type":"","background-media":"","overlay-type":"","overlay-color":"","overlay-opacity":"","overlay-gradient":""}},"footnotes":""},"class_list":["post-158","page","type-page","status-publish","hentry"],"uagb_featured_image_src":{"full":false,"thumbnail":false,"medium":false,"medium_large":false,"large":false,"1536x1536":false,"2048x2048":false},"uagb_author_info":{"display_name":"santiago","author_link":"https:\/\/grupogestcon.com.br\/index.php\/author\/santiago\/"},"uagb_comment_info":0,"uagb_excerpt":"\u00daLTIMAS NOT\u00cdCIAS Not\u00edcias Importantes Aux\u00edlio Emergencial: termina hoje prazo para contestar parcelas de R$ 300 negadas. Projeto quer incluir MEI entre benefici\u00e1rios da tarifa social de energia. Pagamento por Pix poder\u00e1 levar at\u00e9 uma hora se houver suspeita de fraude, diz BC. DIRF 2021: regras, prazos e penalidades.","_links":{"self":[{"href":"https:\/\/grupogestcon.com.br\/index.php\/wp-json\/wp\/v2\/pages\/158","targetHints":{"allow":["GET"]}}],"collection":[{"href":"https:\/\/grupogestcon.com.br\/index.php\/wp-json\/wp\/v2\/pages"}],"about":[{"href":"https:\/\/grupogestcon.com.br\/index.php\/wp-json\/wp\/v2\/types\/page"}],"author":[{"embeddable":true,"href":"https:\/\/grupogestcon.com.br\/index.php\/wp-json\/wp\/v2\/users\/1"}],"replies":[{"embeddable":true,"href":"https:\/\/grupogestcon.com.br\/index.php\/wp-json\/wp\/v2\/comments?post=158"}],"version-history":[{"count":13,"href":"https:\/\/grupogestcon.com.br\/index.php\/wp-json\/wp\/v2\/pages\/158\/revisions"}],"predecessor-version":[{"id":25951,"href":"https:\/\/grupogestcon.com.br\/index.php\/wp-json\/wp\/v2\/pages\/158\/revisions\/25951"}],"wp:attachment":[{"href":"https:\/\/grupogestcon.com.br\/index.php\/wp-json\/wp\/v2\/media?parent=158"}],"curies":[{"name":"wp","href":"https:\/\/api.w.org\/{rel}","templated":true}]}}